3 + k**2. Let v be m(8). What is the highest common divisor of 36 and v?
18
Let l(m) = 181*m - 100. Let r be l(4). Suppose 5*q - 1689 = -r. What is the highest common divisor of q and 3?
3
Let p(c) = -c**2 + 8*c + 1. Let f be p(6). Suppose -h - f = -2*h. Let y(k) = -11*k + 167. Let a be y(14). What is the greatest common factor of a and h?
13
Suppose -26*p = 13*p - 2262. Calculate the greatest common divisor of 14384 and p.
58
Let z(i) = i**3 - 5*i**2 - 17*i + 68. Let u be z(6). Let d be (-8 + 22)/(u/45). Calculate the greatest common factor of d and 90.
45
Let z be (-8 - 1)/(((-260)/(-15600))/((-2)/4)). What is the highest common factor of z and 1998?
54
Let j be -2*1*1 + 7. Let o(p) = -p**2 + 7*p - 3. Let x be o(j). Let b = 219919 - 219842. Calculate the greatest common factor of x and b.
7
Suppose -5*i + 4*b + 27 = 0, -4*i - 6*b = -8*b - 24. Suppose 3*t - i - 10 = 2*a, t = -a + 4. Calculate the greatest common factor of 155 and t.
5
Let q = 120 + -114. Suppose -3*f = -3, 0 = -3*t - f - 688 + 713. What is the highest common divisor of t and q?
2
Suppose 71*v = 150 - 8. Suppose 5*a + 5 - 60 = 0. What is the highest common divisor of v and a?
1
Let r(n) = -n**3 - 7*n**2 - 4*n + 4. Let z be r(-7). Let f = 31 - z. Let q be 1/((-3)/(-24)) + (0 - f). Calculate the greatest common divisor of 72 and q.
9
Suppose -3*w - 6 + 87 = 5*z, 0 = -2*w - 4*z + 54. Let t be w*(4/3)/2. Let n be ((-22)/(-10 + 21))/((-2)/9). Calculate the greatest common factor of n and t.
9
Let q be (4/6)/(3/(-675)*1). Let x = q + 237. Suppose -3*i = -2*m + 169, -i + x - 490 = -5*m. What is the greatest common factor of 10 and m?
10
Suppose -4*q + q - k = -22, -3*q + 12 = 3*k. Let b(o) = -o - 343 + 398 + 3*o. Let h be b(4). Calculate the greatest common divisor of q and h.
9
Suppose -1486 = 59*w - 63*w + 5*z, 2*w - 736 = -z. Calculate the greatest common factor of w and 41.
41
Let p be 2/3*3/1. Let b(d) = -d**2 + 54*d + 19. Let u be b(19). Let z = 686 - u. Calculate the highest common factor of z and p.
2
Let i be ((0 + 128)/4)/(0 + 1). Let j be (120/i)/((-2)/(-8)). Let o be j/90 + 166/12. Calculate the greatest common factor of o and 14.
14
Suppose 0 = 4*j - j - 6. Suppose 0 = -n + j*n + 18. Let f = 22 + n. Calculate the highest common divisor of 12 and f.
4
Let l = 2904 + -2901. What is the greatest common divisor of 465 and l?
3
Let c(j) = j**3 - 6*j**2 - 16*j + 5. Let i be c(8). Suppose 0 = k + 1, 0 = 12*p - 11*p + i*k - 25. Calculate the highest common divisor of p and 110.
10
Suppose 408 = 2*n + n. Suppose 0 = 2*z - 216 - n. Calculate the highest common factor of z and 66.
22
Let f(b) = -162*b - 584. Let y be f(-4). What is the greatest common divisor of y and 592?
16
Let t be ((-348)/(-15))/(13 - (-896)/(-70)). Calculate the greatest common factor of 812 and t.
116
Let g(h) = 3*h**2 - 5*h - 130. Let p(s) = -10*s**2 - 13*s + 8. Let w be p(1). Let i be g(w). What is the highest common divisor of i and 20?
20
Suppose l - y - 68 = 0, -5*y + 160 = 4*l - 130. Let q be (60 - 7) + (-1 - 2). Calculate the greatest common factor of q and l.
10
Let s be (87/2)/(24 - 540/24). Calculate the highest common divisor of s and 261.
29
Let v be 236 - 16/(-20)*(-20)/8. Suppose 2*c + 6*c = 416. Calculate the highest common factor of c and v.
26
Suppose 3*d - 24 = f, 6*f = 2*f. Let z be (-3090)/(-48) - 3/d. What is the greatest common factor of z and 448?
64
Let k = 2345 - 2138. What is the greatest common divisor of k and 23?
23
Let u be 13*-4*11/(-4). Suppose -5*l = 635*o - 632*o - 34, 58 = 4*l - 2*o. Calculate the highest common factor of u and l.
11
Let c(o) = 6*o**2 - 100*o + 295. Let v be c(3). What is the highest common divisor of v and 224?
7
Let c be 4 - 7446/(-66) - 2/(-11). Let f be (-3)/((0 + 2)/2). Let d be (-1)/(4/(-49 + f)). What is the highest common divisor of d and c?
13
Let s(z) = 3*z**2 - z. Let c be s(-1). Suppose -240*b + 253*b = 78. What is the greatest common factor of c and b?
2
Suppose 3*c + 3*a - 558 = 0, 14*a + 366 = 2*c + 17*a. What is the highest common divisor of 120 and c?
24
Suppose -373 + 276 = -3*b + v, -4*b - 3*v = -151. Calculate the greatest common factor of 2176 and b.
34
Suppose 0 = 12*t - 11 - 25. Let s(l) = 7*l**2 + 2*l**3 + 2 - 11 + 0*l**3 - 3*l**t - 7*l. Let r be s(4). What is the greatest common divisor of 121 and r?
11
Let j = -451 + 463. Suppose 0 = -j*v + 415 - 19. Calculate the highest common factor of v and 33.
33
Let o = 21310 + -21216. Calculate the highest common divisor of 10669 and o.
47
Let x = -11053 - -11242. What is the highest common divisor of 903 and x?
21
Let o be (-82245)/(-20) - (-6)/(-24) - 28/(-7). Calculate the greatest common divisor of o and 126.
42
Let p(n) = 7*n - 19. Let r be p(4). Let a be (-50)/(-4) - (-1 + r/6). Suppose -13 = -i - a. What is the greatest common factor of 8 and i?
1
Suppose -j - 244 + 1004 = 2*h, 5*h - 3835 = -5*j. What is the highest common factor of 430 and j?
86
Let h = -4743 + 6711. Calculate the highest common divisor of 192 and h.
48
Let o = 35 - 28. Let c be (-4401)/(-63) + 1/o. Let g be -24*(-4 - (-33)/12). Calculate the highest common factor of g and c.
10
Let u be ((-3)/(-6) - 1)/((-10)/5060). Let q = -196 + u. Suppose 0 = -f + 32 + 6. Calculate the highest common divisor of f and q.
19
Suppose -7*r + 190 - 28 = 11*r. Suppose q - 6 = 2*o, 2*q - 4 = 3*o + 5. Let d be q + 6*(-6)/(-4). Calculate the highest common divisor of r and d.
9
Suppose -5*b + 2*q + 292 = 5*q, 116 = 2*b + q. Suppose 23*c = 589 + 906. Suppose -r - b + c = 0. Calculate the highest common factor of 63 and r.
9
Let k = -1845 + 1860. Suppose 0 = -3*t + 6 + 12. Calculate the highest common divisor of t and k.
3
Suppose -4736 = -259*s + 3034. What is the greatest common divisor of 1956 and s?
6
Suppose -82 = -2*m - 16. Suppose 8*s + 350 = m*s. What is the highest common factor of s and 42?
14
Suppose -4*v = 4*t - 344, 5*v + 91 = t + v. Let l = -55 + t. Suppose l = -2*c + 40. Calculate the highest common factor of c and 1.
1
Suppose 21 + 27 = 16*s. Let l(j) = -3*j**3 - 2*j**2 + 5*j + 3. Let c be l(-3). Calculate the highest common divisor of c and s.
3
Suppose 0 = -3*w + 10 + 26. Let z = 30 + -27. Suppose 0 = 3*a + 5*k - 41, 2*a - 17 = z*k + 4. Calculate the highest common factor of a and w.
12
Let p(n) = -33*n - 103. Let d be p(-3). Let c(k) = 0*k + 0*k**2 + k**2 + 3*k. Let z be c(d). What is the greatest common factor of z and 4?
4
Let a = -1807 + 1972. Calculate the greatest common factor of a and 90.
15
Let k(i) = 147*i**3 + i**2 - i + 1. Let s be k(1). Let r(n) = -555*n - 19869. Let z be r(-36). Calculate the highest common factor of s and z.
37
Let u(d) = -d**3 - d**2 + 3*d - 3. Let c be u(-3). Suppose -26*f = 16 - 1264. Calculate the greatest common divisor of f and c.
6
Suppose -2*j + 1928 + 10028 = -3*l, 0 = -3*j + 6. Let c be (-6)/8 - l/192. What is the greatest common factor of 5 and c?
5
Let m be -633*((-2)/12)/((-8)/(-16)). Let g = 220 - m. What is the highest common divisor of g and 21?
3
Let h(d) = -6*d**3 + 69*d**2 + 29*d - 150. Let n be h(11). What is the greatest common factor of n and 2888?
76
Suppose -2*s + 35 = -101. Suppose -3*g - 50 - 20 = -5*h, h + 4*g - 37 = 0. Suppose -901 = -h*f - 36*f. What is the greatest common divisor of f and s?
17
Let i = -35025 + 35029. Let q be (-1 - 4)*4/(-5). What is the greatest common divisor of i and q?
4
Let u be (-5)/((-10)/(-24))*(-8)/6. Suppose g = 3*b + u, 4*g - 2*g - 27 = 5*b. Let t be (-5 - -3 - g) + 6. What is the greatest common divisor of 6 and t?
3
Let q be 1*(11 + 24/(-6)). Suppose 0 = q*a - 45 + 668. Let t = a - -131. What is the greatest common divisor of 28 and t?
14
Let q(p) = -p**2 - 5*p + 5. Let u be q(6). Let r = u + 248. What is the greatest common factor of 11 and r?
11
Let m(v) = 4*v + 11. Let h be m(13). Suppose -4*o + h = 5*o. Suppose -o*y + 3*y + 104 = 0. What is the highest common factor of 143 and y?
13
Let i(o) = -o**3 - 36*o**2 + 108*o - 13. Let g be i(-39). Let l be 6*52/12*1. What is the highest common factor of g and l?
26
Suppose 0 = 3*j - 5*d - 2981, -12*j + 17*j - 4965 = 5*d. What is the greatest common divisor of 8 and j?
8
Suppose 650*s = 623*s + 28971. Calculate the highest common factor of 74 and s.
37
Suppose -4*z + 2*f + 56 = 0, -